 divided by 71?
64
Calculate the remainder when 560843108 is divided by 4253.
4251
What is the remainder when 102077163 is divided by 101?
99
Calculate the remainder when 3753276 is divided by 521.
513
Calculate the remainder when 956488 is divided by 1576.
1432
Calculate the remainder when 252309 is divided by 12609.
129
Calculate the remainder when 101690 is divided by 2672.
154
Calculate the remainder when 8362839 is divided by 11879.
23
Calculate the remainder when 215782644 is divided by 15.
9
What is the remainder when 76651476 is divided by 3?
0
Calculate the remainder when 1127781142 is divided by 4578.
4576
Calculate the remainder when 711456 is divided by 59.
34
What is the remainder when 531325 is divided by 286?
223
What is the remainder when 118699 is divided by 37?
3
What is the remainder when 2255 is divided by 153?
113
Calculate the remainder when 15766 is divided by 735.
331
What is the remainder when 172987 is divided by 24649?
444
Calculate the remainder when 1573316 is divided by 41401.
78
Calculate the remainder when 978125 is divided by 489056.
13
Calculate the remainder when 74891076 is divided by 1469.
1456
What is the remainder when 25439858 is divided by 8653?
38
What is the remainder when 581238 is divided by 42?
0
Calculate the remainder when 37597 is divided by 18462.
673
Calculate the remainder when 970347 is divided by 44.
15
Calculate the remainder when 132349 is divided by 22055.
19
What is the remainder when 7638156 is divided by 38?
4
What is the remainder when 397971 is divided by 3347?
3025
What is the remainder when 10803718 is divided by 982150?
68
Calculate the remainder when 22279 is divided by 2139.
889
Calculate the remainder when 4702 is divided by 4515.
187
What is the remainder when 40413528 is divided by 5377?
5373
Calculate the remainder when 493407 is divided by 81043.
7149
Calculate the remainder when 2608144 is divided by 869068.
940
Calculate the remainder when 2017055 is divided by 34186.
81
Calculate the remainder when 1515372 is divided by 140.
12
What is the remainder when 2815281 is divided by 703662?
633
Calculate the remainder when 95932995 is divided by 1557.
1554
Calculate the remainder when 645127 is divided by 61.
52
Calculate the remainder when 263821 is divided by 263770.
51
Calculate the remainder when 5422962 is divided by 299.
298
Calculate the remainder when 3095 is divided by 310.
305
Calculate the remainder when 13479730 is divided by 3.
1
Calculate the remainder when 307982 is divided by 489.
401
What is the remainder when 624990 is divided by 36?
30
What is the remainder when 9378505 is divided by 468925?
5
What is the remainder when 149602 is divided by 12459?
94
Calculate the remainder when 85905 is divided by 1837.
1403
Calculate the remainder when 2418371 is divided by 43185.
11
Calculate the remainder when 876095 is divided by 2001.
1658
Calculate the remainder when 2769597 is divided by 40139.
6
Calculate the remainder when 3509923 is divided by 683.
669
What is the remainder when 7492946 is divided by 102643?
7
What is the remainder when 1196630 is divided by 22564?
738
Calculate the remainder when 308132 is divided by 306.
296
What is the remainder when 6052533 is divided by 83?
7
Calculate the remainder when 19746 is divided by 98.
48
Calculate the remainder when 11364793 is divided by 10.
3
What is the remainder when 839160 is divided by 1523?
1510
What is the remainder when 6574161 is divided by 2?
1
Calculate the remainder when 77814 is divided by 1747.
946
What is the remainder when 18426309 is divided by 1656?
1653
Calculate the remainder when 332969 is divided by 166198.
573
Calculate the remainder when 24570 is divided by 680.
90
Calculate the remainder when 13320901 is divided by 6498.
1
What is the remainder when 1157752 is divided by 1156878?
874
What is the remainder when 5742903 is divided by 1334?
33
What is the remainder when 9932790 is divided by 1046?
1020
Calculate the remainder when 369173 is divided by 494.
155
Calculate the remainder when 997078 is divided by 1063.
1047
What is the remainder when 3171363 is divided by 27?
24
Calculate the remainder when 8795247 is divided by 58245.
252
What is the remainder when 245997 is divided by 34998?
1011
What is the remainder when 73334369 is divided by 13140?
29
Calculate the remainder when 363838857 is divided by 14.
11
What is the remainder when 3455593 is divided by 431946?
25
What is the remainder when 982299 is divided by 491125?
49
What is the remainder when 251369 is divided by 116?
113
Calculate the remainder when 309437360 is divided by 54488.
8
What is the remainder when 14773035 is divided by 966?
963
Calculate the remainder when 1813194 is divided by 3708.
3690
What is the remainder when 9880857 is divided by 330?
327
What is the remainder when 154024 is divided by 849?
355
What is the remainder when 9194837 is divided by 517?
509
What is the remainder when 62917085 is divided by 254?
15
What is the remainder when 450645 is divided by 291?
177
Calculate the remainder when 86680 is divided by 884.
48
Calculate the remainder when 7326950 is divided by 1589.
71
Calculate the remainder when 5645 is divided by 506.
79
What is the remainder when 16425356 is divided by 22317?
44
Calculate the remainder when 714744 is divided by 102105.
9
Calculate the remainder when 24204776 is divided by 64.
40
What is the remainder when 9768040 is divided by 1605?
10
Calculate the remainder when 15741 is divided by 31.
24
What is the remainder when 228039 is divided by 14193?
951
Calculate the remainder when 38111 is divided by 539.
381
Calculate the remainder when 11797375 is divided by 512929.
8
What is the remainder when 2079623 is divided by 4030?
143
Calculate the remainder when 8954618 is divided by 20.
18
What is the remainder when 100053 is divided by 16667?
51
What is the remainder when 155934992 is divided by 9?
2
What is the remainder when 15459442 is divided by 14?
12
What is the remainder when 197621 is divided by 11190?
7391
Calculate the remainder when 76938 is divided by 19227.
30
Calculate the remainder when 284009527 is divided by 94669842.
1
Calculate the remainder when 2002519 is divided by 526.
37
Calculate the remainder when 39736 is divided by 9913.
84
Calculate the remainder when 30119 is divided by 14139.
1841
What is the remainder when 799406 is divided by 337?
42
Calculate the remainder when 37435 is divided by 12096.
1147
Calculate the remainder when 284019 is divided by 12886.
527
What is the remainder when 8032418 is divided by 286863?
254
What is the remainder when 18245452 is divided by 9122718?
16
What is the remainder when 985020 is divided by 328257?
249
What is the remainder when 596225317 is divided by 75?
67
Calculate the remainder when 2064942741 is divided by 361.
359
Calculate the remainder when 1142840 is divided by 285679.
124
What is the remainder when 220489 is divided by 24218?
2527
Calculate the remainder when 38310230 is divided by 22.
2
What is the remainder when 1847886 is divided by 92382?
246
What is the remainder when 2118243 is divided by 62?
13
Calculate the remainder when 345360 is divided by 38360.
120
Calculate the remainder when 23664 is divided by 5330.
2344
Calculate the remainder when 276243 is divided by 89740.
7023
Calculate the remainder when 645900265 is divided by 10.
5
What is the remainder when 25180123 is divided by 3147514?
11
Calculate the remainder when 10841363 is divided by 516255.
8
Calculate the remainder when 165020 is divided by 4121.
180
Calculate the remainder when 94599 is divided by 94599.
0
What is the remainder when 131872 is divided by 3062?
206
What is the remainder when 8064487 is divided by 115?
112
Calculate the remainder when 916259 is divided by 562.
199
What is the remainder when 41752 is divided by 2311?
154
Calculate the remainder when 683682 is divided by 45551.
417
What is the remainder when 715124 is divided by 276?
8
What is the remainder when 6534002 is divided by 1977?
17
Calculate the remainder when 822769 is divided by 11924.
13
Calculate the remainder when 29018081 is divided by 5803615.
6
What is the remainder when 13617210 is divided by 907811?
45
Calculate the remainder when 4540813 is divided by 7040.